{"id":19,"date":"2020-07-10T11:55:15","date_gmt":"2020-07-10T11:55:15","guid":{"rendered":"https:\/\/reaccionapelclima.dival.es\/?page_id=19"},"modified":"2021-05-12T08:47:56","modified_gmt":"2021-05-12T08:47:56","slug":"certificacio-energetica-dedificis","status":"publish","type":"page","link":"https:\/\/reaccionapelclima.dival.es\/?page_id=19","title":{"rendered":"Certificaci\u00f3 Energ\u00e8tica d&#8217;Edificis"},"content":{"rendered":"\n<div style=\"height:39px\" aria-hidden=\"true\" class=\"wp-block-spacer\"><\/div>\n\n\n\n<p style=\"font-size:18px\">L\u2019\u00c0rea de Medi Ambient de la Diputaci\u00f3 de Val\u00e8ncia convoca\u00a0<strong>9 l\u00ednies de subvenci\u00f3,<\/strong> dins de l\u2019estrat\u00e8gia REACCIONA, per a actuacions relacionades amb la gesti\u00f3 forestal i la prevenci\u00f3 d\u2019incendis; la millora del cicle integral de l\u2019aigua; la reducci\u00f3 i la separaci\u00f3 de residus; la mobilitat activa; la gesti\u00f3 i la conservaci\u00f3 dels espais naturals; l\u2019autoconsum energ\u00e8tic; uns entorns escolars m\u00e9s saludables; i l\u2019educaci\u00f3 ambiental.<\/p>\n\n\n\n<div style=\"height:44px\" aria-hidden=\"true\" class=\"wp-block-spacer\"><\/div>\n\n\n\n<div class=\"wp-block-buttons is-horizontal is-content-justification-center is-layout-flex wp-container-1\">\n<div class=\"wp-block-button is-style-outline\"><a class=\"wp-block-button__link has-black-color has-luminous-vivid-amber-background-color has-text-color has-background wp-element-button\" href=\"https:\/\/reaccionapelclima.dival.es\/wp-content\/uploads\/2023\/04\/Reacciona-23-valencia.pdf\" style=\"border-radius:30px\" target=\"_blank\" rel=\"noreferrer noopener\">Convocat\u00f2ria (val)<\/a><\/div>\n\n\n\n<div class=\"wp-block-button is-style-outline\"><a class=\"wp-block-button__link has-black-color has-luminous-vivid-amber-background-color has-text-color has-background wp-element-button\" href=\"https:\/\/reaccionapelclima.dival.es\/wp-content\/uploads\/2023\/04\/Reacciona-23-castellano.pdf\" style=\"border-radius:30px\" target=\"_blank\" rel=\"noreferrer noopener\">Convocatoria (cas)<\/a><\/div>\n<\/div>\n\n\n\n<p><\/p>\n\n\n\n<div style=\"height:23px\" aria-hidden=\"true\" class=\"wp-block-spacer\"><\/div>\n\n\n\n<figure class=\"wp-block-video aligncenter\"><video controls loop poster=\"https:\/\/reaccionapelclima.dival.es\/wp-content\/uploads\/2021\/05\/portada_video_energia.png\" src=\"https:\/\/reaccionapelclima.dival.es\/wp-content\/uploads\/2021\/05\/reacciona_energia_2021.mp4\" playsinline><\/video><\/figure>\n\n\n\n<div style=\"height:64px\" aria-hidden=\"true\" class=\"wp-block-spacer\"><\/div>\n\n\n\n<div class=\"wp-block-image\"><figure class=\"aligncenter size-large\"><img decoding=\"async\" loading=\"lazy\" width=\"600\" height=\"100\" src=\"https:\/\/reaccionapelclima.dival.es\/wp-content\/uploads\/2020\/07\/logo_mitigacio.png\" alt=\"\" class=\"wp-image-108\" srcset=\"https:\/\/reaccionapelclima.dival.es\/wp-content\/uploads\/2020\/07\/logo_mitigacio.png 600w, https:\/\/reaccionapelclima.dival.es\/wp-content\/uploads\/2020\/07\/logo_mitigacio-300x50.png 300w\" sizes=\"(max-width: 600px) 100vw, 600px\" \/><\/figure><\/div>\n\n\n\n<div style=\"height:30px\" aria-hidden=\"true\" class=\"wp-block-spacer\"><\/div>\n\n\n\n<div class=\"wp-block-buttons is-content-justification-center is-layout-flex\">\n<div class=\"wp-block-button is-style-outline\"><a class=\"wp-block-button__link has-very-dark-gray-color has-luminous-vivid-amber-background-color has-text-color has-background\" href=\"https:\/\/reaccionapelclima.dival.es\/wp-content\/uploads\/2021\/04\/Certificaci\u00f3-energ\u00e8tica-dedificis.pdf\">Convocat\u00f2ria espec\u00edfica (val)<\/a><\/div>\n\n\n\n<div class=\"wp-block-button is-style-outline\"><a class=\"wp-block-button__link has-very-dark-gray-color has-luminous-vivid-amber-background-color has-text-color has-background\" href=\"https:\/\/reaccionapelclima.dival.es\/wp-content\/uploads\/2021\/04\/Annexos-Certificaci\u00f3-energ\u00e8tica-dedificis.docx\">Annexos (val)<\/a><\/div>\n<\/div>\n\n\n\n<div style=\"height:30px\" aria-hidden=\"true\" class=\"wp-block-spacer\"><\/div>\n\n\n\n<div class=\"wp-block-buttons is-content-justification-center is-layout-flex\">\n<div class=\"wp-block-button is-style-outline\"><a class=\"wp-block-button__link has-very-dark-gray-color has-luminous-vivid-amber-background-color has-text-color has-background\" href=\"https:\/\/reaccionapelclima.dival.es\/wp-content\/uploads\/2021\/04\/Certificaci\u00f3n-energ\u00e9tica-de-edificios.pdf\">Convocatoria espec\u00edfica (cas)<\/a><\/div>\n\n\n\n<div class=\"wp-block-button is-style-outline\"><a class=\"wp-block-button__link has-very-dark-gray-color has-luminous-vivid-amber-background-color has-text-color has-background\" href=\"https:\/\/reaccionapelclima.dival.es\/wp-content\/uploads\/2021\/04\/Anexos-Certificaci\u00f3n-energ\u00e9tica-de-edificios.docx\">Anexos (cas)<\/a><\/div>\n<\/div>\n\n\n\n<div style=\"height:32px\" aria-hidden=\"true\" class=\"wp-block-spacer\"><\/div>\n\n\n\n<h2 class=\"wp-block-heading\"><strong>Subvenci\u00f3 per a la certificaci\u00f3 energ\u00e8tica d\u2019edificis municipals <\/strong><\/h2>\n\n\n\n<div style=\"height:62px\" aria-hidden=\"true\" class=\"wp-block-spacer\"><\/div>\n\n\n\n<h3 class=\"wp-block-heading\"><strong><strong>Objecte i fi<\/strong><\/strong><\/h3>\n\n\n\n<p>L\u2019objecte de la present convocat\u00f2ria \u00e9s regular la concessi\u00f3 d\u2019ajudes econ\u00f2miques, en r\u00e8gim de concurr\u00e8ncia competitiva fins a esgotar el cr\u00e8dit disponible, per a la <strong>certificaci\u00f3 energ\u00e8tica d\u2019edificis municipals<\/strong> en l\u2019exercici 2021.<\/p>\n\n\n\n<p>El seu fi \u00e9s con\u00e9ixer l\u2019estat real dels edificis municipals i les seues possibilitats de millora utilitzant la ferramenta de la certificaci\u00f3 energ\u00e8tica.<\/p>\n\n\n\n<p>Els edificis que es vullguen certificar energ\u00e8ticament hauran de ser de propietat municipal, tindre una superf\u00edcie constru\u00efda superior als 250 m\u00b2, no tindre cap tipus de protecci\u00f3 urban\u00edstica i ser freq\u00fcentats habitualment pel p\u00fablic.<\/p>\n\n\n\n<p>L\u2019ajuntament haur\u00e0 de fer la certificaci\u00f3 d\u2019efici\u00e8ncia energ\u00e8tica dels edificis d\u2019acord amb el Reial Decret 235\/2013, i els inscriur\u00e0 en el Registre de Certificaci\u00f3 Energ\u00e8tica d\u2019Edificis de la Comunitat Valenciana amb el procediment d\u2019inscripci\u00f3 establit, incl\u00f2s el pagament de la taxa corresponent. Caldr\u00e0 haver fet el registre despr\u00e9s de l\u20191 de gener de 2021. Tamb\u00e9 caldr\u00e0 exhibir l\u2019etiqueta d\u2019efici\u00e8ncia energ\u00e8tica obligat\u00f2riament en un lloc destacat i ben visible pel p\u00fablic.<\/p>\n\n\n\n<p>El certificat d\u2019efici\u00e8ncia energ\u00e8tica d\u2019edificis es far\u00e0 utilitzant qualsevol ferramenta inform\u00e0tica reconeguda pel Ministeri per a la Transici\u00f3 Ecol\u00f2gica i Repte Demogr\u00e0fic.<\/p>\n\n\n\n<p>Aix\u00ed mateix, caldr\u00e0 incloure una proposta valorada econ\u00f2micament de les inversions recomanades i els estalvis generats en termes econ\u00f2mics i d\u2019emissions de CO<sub>2<\/sub>.<\/p>\n\n\n\n<div style=\"height:40px\" aria-hidden=\"true\" class=\"wp-block-spacer\"><\/div>\n\n\n\n<h3 class=\"wp-block-heading\"><strong>Requisits<\/strong><\/h3>\n\n\n\n<p>Podran optar a aquestes ajudes els municipis, les entitats locals d\u2019\u00e0mbit territorial inferior al municipal i les mancomunitats de la prov\u00edncia de Val\u00e8ncia que reunisquen els requisits establits en l\u2019OGS de la Diputaci\u00f3 de Val\u00e8ncia.<\/p>\n\n\n\n<div style=\"height:40px\" aria-hidden=\"true\" class=\"wp-block-spacer\"><\/div>\n\n\n\n<h3 class=\"wp-block-heading\"><strong>Criteris de baremaci\u00f3<\/strong><\/h3>\n\n\n\n<p>La dotaci\u00f3 pressupost\u00e0ria es distribueix segons els criteris objectius que es determinen a continuaci\u00f3.<\/p>\n\n\n\n<p>La puntuaci\u00f3 m\u00e0xima ser\u00e0 de<strong> 10 punts<\/strong>:<\/p>\n\n\n\n<figure class=\"wp-block-table is-style-stripes\" style=\"color: #000000;\"><table style=\"width:70%;table-layout: auto;\"><tbody><tr><td><strong>Criteri<\/strong><\/td><td><strong>Punts<\/strong><\/td><\/tr><tr><td>Per haver subscrit el Pacte de les Alcaldies<\/td><td>1<\/td><\/tr><tr><td>Subministrament el\u00e8ctric en tots els punts de consum municipal o de titularitat de la mancomunitat amb certificat de garantia d\u2019origen 100% renovable (GdO) de la\/es comercialitzadora\/es<\/td><td>1<\/td><\/tr><tr><td>Ordenan\u00e7a municipal reguladora d\u2019instal\u00b7lacions solars fotovoltaiques aprovada<\/td><td>1<\/td><\/tr><tr><td>No haver sigut beneficiari en convocat\u00f2ries anteriors<\/td><\/tr><tr><td>&nbsp;&nbsp;&nbsp;&nbsp;Convocat\u00f2ria de 2020<\/td><td>1<\/td><\/tr><tr><td>&nbsp;&nbsp;&nbsp;&nbsp;Convocat\u00f2ria de 2019 ni 2020<\/td><td>2<\/td><\/tr><tr><td>Per habitants:<\/td><\/tr><tr><td>&nbsp;&nbsp;&nbsp;&nbsp;Fins a 1.000<\/td><td>5<\/td><\/tr><tr><td>&nbsp;&nbsp;&nbsp;&nbsp;De 1.001 a 3.000<\/td><td>4<\/td><\/tr><tr><td>&nbsp;&nbsp;&nbsp;&nbsp;De 3.001 a 5.000<\/td><td>3<\/td><\/tr><tr><td>&nbsp;&nbsp;&nbsp;&nbsp;De 5.001 a 10.000<\/td><td>2<\/td><\/tr><tr><td>&nbsp;&nbsp;&nbsp;&nbsp;De 10.001 a 20.000<\/td><td>1<\/td><\/tr><tr><td>&nbsp;&nbsp;&nbsp;&nbsp;M\u00e9s de 20.001<\/td><td>0<\/td><\/tr><\/tbody><\/table><\/figure>\n\n\n\n<p>En les sol\u00b7licituds de les mancomunitats, la baremaci\u00f3 per habitant ser\u00e0 la suma dels municipis que la formen:<\/p>\n\n\n\n<figure class=\"wp-block-table is-style-stripes\" style=\"color: #000000;\"><table style=\"width:70%;table-layout: auto;\"><tbody><tr><td><strong>Per habitants:<\/strong><\/td><\/tr><tr><td>&nbsp;&nbsp;&nbsp;&nbsp;Fins a 5.000<\/td><td>5<\/td><\/tr><tr><td>&nbsp;&nbsp;&nbsp;&nbsp;De 5.001 a 10.000<\/td><td>4<\/td><\/tr><tr><td>&nbsp;&nbsp;&nbsp;&nbsp;De 10.001 a 15.000<\/td><td>3<\/td><\/tr><tr><td>&nbsp;&nbsp;&nbsp;&nbsp;De 15.001 a 20.000<\/td><td>2<\/td><\/tr><tr><td>&nbsp;&nbsp;&nbsp;&nbsp;M\u00e9s de 20.001<\/td><td>1<\/td><\/tr><\/tbody><\/table><\/figure>\n\n\n\n<p>Aix\u00ed mateix, per a obtindre la m\u00e0xima puntuaci\u00f3 tots els municipis de la mancomunitat hauran d\u2019haver subscrit el Pacte de les Alcaldies i haver aprovat l\u2019ordenan\u00e7a municipal reguladora d\u2019instal\u00b7lacions solars fotovoltaiques.<\/p>\n\n\n\n<p>En cas d\u2019empat entre dos o m\u00e9s municipis\/mancomunitats, els criteris de desempat s\u00f3n:<\/p>\n\n\n\n<ul style=\"margin-left:20px;\"><li>Tindran prefer\u00e8ncia els municipis\/les mancomunitats de menor poblaci\u00f3 segons el padr\u00f3 municipal de l\u2019INE a 1 de gener del 2020.<\/li><li>En cas de persistir l\u2019empat, per data d\u2019entrada de la sol\u00b7licitud de subvenci\u00f3 en el Registre General de la Diputaci\u00f3 de Val\u00e8ncia.<\/li><li>Si una sol\u00b7licitud haguera hagut de ser esmenada a requeriment de la Diputaci\u00f3 de Val\u00e8ncia, comptaria la data de l\u2019esmena, no la de la presentaci\u00f3 inicial.&nbsp;<\/li><\/ul>\n\n\n\n<div style=\"height:37px\" aria-hidden=\"true\" class=\"wp-block-spacer\"><\/div>\n\n\n\n<h3 class=\"wp-block-heading\"><strong>Despeses subvencionables<\/strong><\/h3>\n\n\n\n<p>La realitzaci\u00f3 de les accions i inversions per a les quals s\u2019haja concedit la subvenci\u00f3 ser\u00e0 de responsabilitat exclusiva de l\u2019adjudicatari.<\/p>\n\n\n\n<p>La subvenci\u00f3 es concedeix amb les limitacions seg\u00fcents:<\/p>\n\n\n\n<ol type=\"a\"><li>La despesa subvencionable inclou la qualificaci\u00f3 energ\u00e8tica de l\u2019edifici i la redacci\u00f3 dels documents per a la seua certificaci\u00f3 i inscripci\u00f3 en el Registre oficial.<\/li><li>Es consideraran despeses subvencionables l\u2019IVA i el cost d\u2019inscripci\u00f3 en el Registre oficial, que hauran d\u2019assumir els ajuntaments.<\/li><li>L\u2019import m\u00e0xim que es concedir\u00e0 a cada ajuntament es calcular\u00e0 d\u2019acord amb la taula seg\u00fcent (la superf\u00edcie es refereix als metres quadrats constru\u00efts de l\u2019edifici o part de l\u2019edifici que es vol certificar):<\/li><\/ol>\n\n\n\n<figure class=\"wp-block-table is-style-stripes\" style=\"color: #000000;\"><table style=\"width:40%;table-layout: auto;margin: auto;\"><tbody><tr><td><strong>Superf\u00edcie (m<\/strong><strong><sup>2<\/sup><\/strong><strong>)<\/strong><strong><\/strong><\/td><td><strong>Import (\u20ac)<\/strong><strong><\/strong><\/td><\/tr><tr><td>De 250,01 a 500,00<\/td><td>627,00<\/td><\/tr><tr><td>De 500,01 a 800,00<\/td><td>985,00<\/td><\/tr><tr><td>De 800,01 a 1.200,00<\/td><td>1.336,00<\/td><\/tr><tr><td>De 1.200,01 a 3.000,00<\/td><td>1.685,00<\/td><\/tr><tr><td>3.000,01 o m\u00e9s<\/td><td>2.000,00<\/td><\/tr><\/tbody><\/table><\/figure>\n\n\n\n<ol type=\"a\" start=\"4\"><li>Si es vol certificar m\u00e9s d\u2019un edifici, l\u2019import m\u00e0xim que es concedir\u00e0 a cada ajuntament ser\u00e0 de 3.000 \u20ac.<br>&nbsp;<br><br>Si les sol\u00b7licituds d\u2019un ajuntament superen els 3.000 \u20ac, es descartaran, si escau, les sol\u00b7licituds que calga per a no superar aquest l\u00edmit m\u00e0xim, comen\u00e7ant per les de menor import.<\/li><\/ol>\n\n\n\n<p>El nombre m\u00e0xim d\u2019edificis per als quals es podr\u00e0 sol\u00b7licitar la subvenci\u00f3 \u00e9s de 3.<\/p>\n\n\n\n<p>Per a la concessi\u00f3 de l\u2019ajuda es valoraran, \u00fanicament, les superf\u00edcies i els usos reflectits en la fitxa cadastral en el moment de la sol\u00b7licitud de la subvenci\u00f3.<\/p>\n\n\n\n<div style=\"height:32px\" aria-hidden=\"true\" class=\"wp-block-spacer\"><\/div>\n\n\n\n<h3 class=\"wp-block-heading\"><strong>Sol\u00b7licitud<\/strong>\u200b<\/h3>\n\n\n\n<p>Amb la sol\u00b7licitud telem\u00e0tica, a m\u00e9s de les certificacions gen\u00e8riques establides en l\u2019apartat 7 de l\u2019estrat\u00e8gia REACCIONA, s\u2019haur\u00e0 d\u2019aportar:<\/p>\n\n\n\n<ol type=\"1\"><li>Sol\u00b7licitud de la subvenci\u00f3 (Annex 4.2).<br> <\/li><li>Fitxa cadastral obtinguda en la seu electr\u00f2nica del Cadastre.<br> <\/li><li>Certificat de la titularitat municipal de l\u2019edifici, de l\u2019\u00fas de l\u2019immoble i de la superf\u00edcie de cadascun dels usos que es vol certificar.<br> <\/li><li>Informe o declaraci\u00f3 en qu\u00e8 conste que la fitxa cadastral est\u00e0 actualitzada i replega la realitat de l\u2019\u00fas i les condicions de l\u2019edifici.<\/li><\/ol>\n\n\n\n<p>Opcionalment, per a obtindre la puntuaci\u00f3 m\u00e0xima, caldr\u00e0 aportar:<\/p>\n\n\n\n<ol start=\"5\"><li>Informe, subscrit per t\u00e8cnic\/a competent, indicant que tots els punts de consum el\u00e8ctric municipal o de titularitat de la mancomunitat tenen subministrament d\u2019energia d\u2019origen 100% renovable detallant els CUPS i la\/es comercialitzadora\/es, junt amb el certificat de garantia d\u2019origen 100% renovable (GdO) de la\/es comercialitzadora\/es.<br> <\/li><li>Certificaci\u00f3 de l\u2019acord plenari d\u2019aprovaci\u00f3 de l\u2019ordenan\u00e7a municipal reguladora d\u2019instal\u00b7lacions solars fotovoltaiques.<\/li><\/ol>\n\n\n\n<div style=\"height:41px\" aria-hidden=\"true\" class=\"wp-block-spacer\"><\/div>\n\n\n\n<h3 class=\"wp-block-heading\"><strong>Termini i forma de justificaci\u00f3<\/strong><\/h3>\n\n\n\n<p>El termini per a la justificaci\u00f3 de la subvenci\u00f3 finalitza als quatre mesos de l\u2019endem\u00e0 de la publicaci\u00f3 de l\u2019acord de concessi\u00f3. L\u2019\u00f2rgan que concedeix la subvenci\u00f3 podr\u00e0 atorgar una ampliaci\u00f3 en els termes establits en l\u2019OGS de la Diputaci\u00f3 de Val\u00e8ncia.<\/p>\n\n\n\n<p>El termini d\u2019execuci\u00f3 finalitzar\u00e0 un mes abans del termini de justificaci\u00f3 establit.<\/p>\n\n\n\n<p>Cada entitat haur\u00e0 d\u2019aportar la documentaci\u00f3 seg\u00fcent:<\/p>\n\n\n\n<ol type=\"1\"><li>Relaci\u00f3 de despeses i inversions emplenada i certificada (Annex 6.2).<br> <\/li><li>Una mem\u00f2ria d\u2019actuaci\u00f3, subscrita per l\u2019Alcaldia-Presid\u00e8ncia de la corporaci\u00f3, justificativa del compliment de les condicions establides en la concessi\u00f3 de la subvenci\u00f3, en la qual s\u2019indiquen les activitats realitzades i els resultats assolits. S\u2019acompanyar\u00e0 amb:<\/li><\/ol>\n\n\n\n<ol type=\"a\" style=\"margin-left:40px;\"><li>Justificant del registre en l\u2019IVACE amb l\u2019etiqueta energ\u00e8tica obtinguda.<\/li><li>Justificant de pagament de la taxa de registre.<\/li><li>Informe del certificat energ\u00e8tic obtingut en format pdf.<\/li><li>Fotografia que mostre l\u2019etiqueta d\u2019efici\u00e8ncia energ\u00e8tica col\u00b7locada en un lloc destacat i ben visible pel p\u00fablic.<\/li><li>Informe de millores en format pdf, les quals, obligat\u00f2riament, han d\u2019estar quantificades econ\u00f2micament.<\/li><li>Selecci\u00f3 d\u2019una mesura d\u2019efici\u00e8ncia energ\u00e8tica signada pel t\u00e8cnic\/per la t\u00e8cnica certificador\/a, que reflectisca la informaci\u00f3 seg\u00fcent (Annex 7):<\/li><\/ol>\n\n\n\n<ol type=\"I\" style=\"margin-left:70px;\"><li>Consum energ\u00e8tic estalviat corresponent a la implementaci\u00f3 de la millora (kWh\/any).<\/li><li>Emissions de CO<sub>2<\/sub> evitades (tCO<sub>2<\/sub>).<\/li><li>Pressupost detallat per partides per a posar en marxa les millores indicades.<\/li><li>Per\u00edode de retorn de la inversi\u00f3 calculat a partir de la f\u00f3rmula seg\u00fcent: taxa de retorn (anys) = inversi\u00f3 estimada (\u20ac) \/ estalvi anual (\u20ac\/any).<\/li><\/ol>\n\n\n\n<ol start=\"3\"><li>Factura dels treballs fets emesa pel t\u00e8cnic\/per la t\u00e8cnica certificador\/a i documentaci\u00f3 acreditativa del pagament.<br> <\/li><li>Certificat d\u2019ajudes concurrents en el qual conste la concessi\u00f3 o no d\u2019altres ajudes que hagen finan\u00e7at l\u2019activitat subvencionada, amb indicaci\u00f3 de l\u2019import i la proced\u00e8ncia.<\/li><\/ol>\n\n\n\n<p>Si algun dels documents, i especialment l\u2019informe del certificat energ\u00e8tic i els informes del\/la t\u00e8cnic\/a certificador\/a (documents 2c, 2e i&nbsp; 2f), no compleix una qualitat m\u00ednima a criteri de la comissi\u00f3 de valoraci\u00f3, amb la qual cosa s\u2019incompliria el fi de la subvenci\u00f3 descrit en l\u2019apartat 1, aquesta comissi\u00f3 podr\u00e0 donar per no justificada la subvenci\u00f3 i per tant, es perdr\u00e0 el dret a cobrar-la total o parcialment per falta de justificaci\u00f3 o de concurr\u00e8ncia d\u2019alguna de les causes previstes en l\u2019article 30 de la Llei General de Subvencions i l\u2019article 27 i seg\u00fcents de l\u2019OGS de la Diputaci\u00f3 de Val\u00e8ncia.<\/p>\n\n\n\n<div style=\"height:49px\" aria-hidden=\"true\" class=\"wp-block-spacer\"><\/div>\n\n\n\n<h3 class=\"wp-block-heading\"><strong>Publicitat per part dels beneficiaris<\/strong>\u200b<\/h3>\n\n\n\n<p>Els beneficiaris de les subvencions queden obligats a fer constar en tota la informaci\u00f3, la documentaci\u00f3 i la publicitat pr\u00f2pia que la Diputaci\u00f3 de Val\u00e8ncia ha subvencionat la certificaci\u00f3 energ\u00e8tica, amb la incorporaci\u00f3 de la imatge corporativa de l\u2019\u00c0rea de Medi Ambient en un lloc ben visible.<\/p>\n\n\n\n<p>En aquest sentit, la Diputaci\u00f3 de Val\u00e8ncia facilitar\u00e0 als ajuntaments beneficiaris un suport per a col\u00b7locar l\u2019etiqueta energ\u00e8tica. Aquest suport inclour\u00e0 la imatge corporativa de l\u2019\u00c0rea de Medi Ambient de la Diputaci\u00f3 de Val\u00e8ncia i servir\u00e0 per a exhibir-la al p\u00fablic.<\/p>\n","protected":false},"excerpt":{"rendered":"<p>Subvenci\u00f3 per a la certificaci\u00f3 energ\u00e8tica d\u2019edificis municipals Objecte i fi L\u2019objecte de la present convocat\u00f2ria \u00e9s regular la concessi\u00f3 d\u2019ajudes econ\u00f2miques, en r\u00e8gim de concurr\u00e8ncia competitiva fins a esgotar el cr\u00e8dit disponible, per a la certificaci\u00f3 energ\u00e8tica d\u2019edificis municipals en l\u2019exercici 2021. El seu fi \u00e9s con\u00e9ixer l\u2019estat real dels edificis municipals i les [&hellip;]<\/p>\n","protected":false},"author":1,"featured_media":0,"parent":0,"menu_order":0,"comment_status":"closed","ping_status":"closed","template":"","meta":[],"_links":{"self":[{"href":"https:\/\/reaccionapelclima.dival.es\/index.php?rest_route=\/wp\/v2\/pages\/19"}],"collection":[{"href":"https:\/\/reaccionapelclima.dival.es\/index.php?rest_route=\/wp\/v2\/pages"}],"about":[{"href":"https:\/\/reaccionapelclima.dival.es\/index.php?rest_route=\/wp\/v2\/types\/page"}],"author":[{"embeddable":true,"href":"https:\/\/reaccionapelclima.dival.es\/index.php?rest_route=\/wp\/v2\/users\/1"}],"replies":[{"embeddable":true,"href":"https:\/\/reaccionapelclima.dival.es\/index.php?rest_route=%2Fwp%2Fv2%2Fcomments&post=19"}],"version-history":[{"count":28,"href":"https:\/\/reaccionapelclima.dival.es\/index.php?rest_route=\/wp\/v2\/pages\/19\/revisions"}],"predecessor-version":[{"id":805,"href":"https:\/\/reaccionapelclima.dival.es\/index.php?rest_route=\/wp\/v2\/pages\/19\/revisions\/805"}],"wp:attachment":[{"href":"https:\/\/reaccionapelclima.dival.es\/index.php?rest_route=%2Fwp%2Fv2%2Fmedia&parent=19"}],"curies":[{"name":"wp","href":"https:\/\/api.w.org\/{rel}","templated":true}]}}